4*v = -3*j + 53, -4*v + v = 12. Calculate the remainder when j is divided by g.
11
Let t(o) = 2*o**3 + 4*o**2 - 2*o + 4. Let p be t(4). Let d(q) = 10*q - 6. Let z be d(-10). Let u = p + z. Calculate the remainder when u is divided by 21.
19
Suppose 68 = 7*x + 4*h, 3*h + 16 - 25 = 0. Suppose -2*q - w = w + 6, 2 = -4*q - 2*w. What is the remainder when x is divided by q?
0
Suppose 0 = -i + 5*o + 33 + 12, 3*o - 38 = -2*i. Calculate the remainder when 122 is divided by i.
22
Calculate the remainder when 96 is divided by (-52)/(-12) + 2/3.
1
Calculate the remainder when (-62)/(-2) - (-1 + 2) is divided by (-1)/(-1)*10/(130/117).
3
Suppose 2*k - 6*k + 98 = -3*m, 4*m = 4*k - 100. Let z be 75/(-10)*(-2)/3. Suppose -z*i + 12 = -53. What is the remainder when k is divided by i?
10
Let x = -12 - -24. Suppose 66 = 3*t - x. Let d = 34 - t. What is the remainder when 23 is divided by d?
7
Suppose -68 = -2*l - 2*l. Suppose -12*a + 5*r + 57 = -11*a, -4*a = 5*r - 253. Calculate the remainder when a is divided by l.
11
Suppose -2*r + n = -66, 0 = -10*r + 9*r - 3*n + 47. Calculate the remainder when r is divided by 8.
3
Let j = -96 + 107. Calculate the remainder when 186 is divided by j.
10
Suppose -223 = 63*s - 1609. Calculate the remainder when 39 is divided by s.
17
Let c = -2479 - -2535. What is the remainder when c is divided by 32?
24
Suppose -4*b = -441 - 39. Let d be (6/10)/(8/b). Suppose d = -g + 17. What is the remainder when 13 is divided by g?
5
Let r be (-6 + (0 - 2))/1. Calculate the remainder when 47 is divided by r/(1*(-1)/2).
15
Suppose 0 = 833*v - 827*v - 318. Calculate the remainder when 168 is divided by v.
9
Let y = -390 + 437. Let b(p) = p**2 - 2*p + 1. Calculate the remainder when y is divided by b(5).
15
What is the remainder when 125 is divided by 1 - (1 + -1) - 1470/(-245)?
6
Suppose 0 = -p - 3*p. Suppose -17 = -3*k + t + t, p = 3*k + 2*t - 1. Suppose k*a - 45 = -0*a. What is the remainder when a is divided by 4?
3
Let k = -61 - -55. Calculate the remainder when (-1)/(1/(-1)) + 1 - k is divided by 5.
3
Let v(r) = r + 10. Let t be v(-8). Let h be ((-3)/t)/(15/(-40)). Suppose -h*i = 7*q - 2*q - 45, -i = -4*q + 15. What is the remainder when 13 is divided by i?
3
Let t(z) = -z**3 - 9*z**2 - 14*z - 3. Let d be t(-7). Suppose -c + 2*f + 12 = -f, 0 = 4*f + 12. What is the remainder when d/(-1)*(-2)/(3 - 4) is divided by c?
0
Let m(p) = p**2 + p + 1. Let z be m(0). Let u(b) = 24*b**3 + 2*b**2 - 3*b + 2. Calculate the remainder when u(z) is divided by 13.
12
Let l = 4 + -4. Suppose l = -0*m - m + 20. Let d(c) = -c**3 + 5*c**2 - 3*c + 3. What is the remainder when m is divided by d(4)?
6
Suppose 5*i - 338 = 2*a, -i + 4*a = 2*i - 200. Calculate the remainder when 198 is divided by i.
62
Let n(j) = -j + 25. Let f(z) = z - 51. Let s(t) = -4*f(t) - 7*n(t). Calculate the remainder when 10 is divided by s(-7).
2
Calculate the remainder when (-11)/((-44)/188) - 9 is divided by 22.
16
Let k = 49 - 43. Suppose a = -4*h - 5, 21 = -2*h - h + 5*a. Calculate the remainder when 40 is divided by -18*(h + 10/k).
4
Let u be (-18)/(-10) + 1/5. Suppose -5*x - 280 = -3*k, 0*x = x + u. Let l = k + -60. What is the remainder when l is divided by 11?
8
Let u(m) be the first derivative of m**4/4 + 7*m**3/3 + 5*m**2/2 + 4*m - 5. Let a = -25 + 43. Calculate the remainder when a is divided by u(-6).
8
Let x(q) = 2*q**3 - 7*q**2 - 19*q + 30. What is the remainder when x(6) is divided by 59?
37
Suppose 0 = -30*h + 39*h - 117. Calculate the remainder when 115 is divided by h.
11
Let n = -279 - -344. What is the remainder when n is divided by 17?
14
What is the remainder when 69 is divided by (-9)/(-27) + (-3 - 232/(-6))?
33
Suppose 5*n + 6 = -84. Let s(g) = -g**2 - 19*g + 13. What is the remainder when s(n) is divided by 11?
9
Let f be (-12)/9*(-3)/2. Suppose -4*j = -16, -5*j + f = -2*m - 0*j. What is the remainder when m is divided by -1 - (-10)/(1 + 1)?
1
Let v = 181 - 74. Calculate the remainder when v is divided by 14.
9
Let j(w) = 7*w**2 + 2*w - 12*w**2 - w**3 + 3 - 5*w. Calculate the remainder when j(-6) is divided by 10.
7
Suppose 11*r - 464 = 7*r. What is the remainder when r is divided by 15?
11
Suppose -7*g + 32 = -3. Suppose 3*j - t = -j + 719, -g*j + 3*t + 897 = 0. What is the remainder when j is divided by 46?
42
Let n(m) = -m**3 - m + 7. Calculate the remainder when 115 is divided by n(-2).
13
Suppose 0 = -5*f, -22 - 23 = -3*y - f. Suppose -d + 22 = y. What is the remainder when 27 is divided by d?
6
Let l be (-14)/(-4)*((-64)/28)/(-2). Suppose 0 = t + l*m + 13, m - 26 - 4 = -5*t. Calculate the remainder when 18 is divided by t.
4
Suppose u + 13 = w - 56, 4*u + 66 = w. Let d = -43 + w. Calculate the remainder when 51 is divided by d.
24
Suppose 2*m = s + 2*s - 234, 313 = 4*s - 3*m. Suppose o + 3*o + s = 0. Calculate the remainder when 22 is divided by o/(-5) + 6/30.
2
Suppose 2*h - 8*h + 18 = 0. Suppose o + 0 = h. Suppose -2*r - o*j + 30 = -0*j, -4*r + 4*j = -100. What is the remainder when 60 is divided by r?
18
Suppose -i = -3*q - 14, -4*q - 14 = -2*i + 10. Let y be (-1)/((-10)/i - -1). Calculate the remainder when (94/y)/((-3)/(-6)) is divided by 12.
11
Suppose -3*n - 77 = 5*z - 595, 4*n + 4*z = 680. Calculate the remainder when n is divided by 57.
52
Let n be (-2 + 1)/(-9 + 8). Suppose 5*d - 6 = -n. What is the remainder when d/3 - 26/(-3) is divided by 4?
1
Suppose 3*y = 6, -8*y - 198 = -3*u - 5*y. Let z(m) = -4*m - 2. Calculate the remainder when u is divided by z(-4).
12
Suppose 69 = 2*g - 3*y, g = -5*y + 6 - 4. Calculate the remainder when 52 is divided by g.
25
Suppose 482*c = 483*c - 25. What is the remainder when 458 is divided by c?
8
Let f = -565 + 672. What is the remainder when f is divided by 2?
1
Suppose -x - 5*k = -90, 3*x + 5*k = -29 + 289. Suppose -x = -5*v + 225. Calculate the remainder when v is divided by 32.
30
Suppose -5*q + 325 = -0*q. Let c = q - 38. What is the remainder when 80 is divided by c?
26
Let j be (-4 + 7 - 4) + -485. Calculate the remainder when j/(-36)*(1 + 1/(-3)) is divided by 8.
1
Let j be (-7 - -14 - (0 + 3))/2. Suppose -j*i - 5 = -3*i. Calculate the remainder when 12 is divided by i.
2
Suppose 4 - 20 = -y + 2*i, -20 = -2*y - 2*i. Calculate the remainder when 23 is divided by y.
11
Suppose 0 = -3*f - 4*g - 0*g + 4, -4*f = 2*g - 2. Suppose f = 14*z - 10*z - 4. Calculate the remainder when 5 is divided by z.
0
Let f(o) = -o - 27. Let h be f(-15). Let a = h + 25. What is the remainder when 22 is divided by a?
9
Let y(b) = -b + 25. What is the remainder when y(3) is divided by 7?
1
Suppose -10*b = -731 - 159. Calculate the remainder when b is divided by 25.
14
Suppose -38*m = -100*m + 50778. Calculate the remainder when m is divided by 23.
14
Let w(o) = o**3 - 9*o**2 - 84*o + 17. What is the remainder when w(15) is divided by 28?
23
Suppose 6*r - 1142 = -386. Suppose h - 8*h + r = 0. Let n = 0 + 5. What is the remainder when h is divided by n?
3
Let v = 202 - 126. Calculate the remainder when 679 is divided by v.
71
Suppose 0 = -104*d + 99*d - 25. What is the remainder when d*(42/20)/((-1)/14) is divided by 30?
27
Let o(k) = -3*k**2 + 72*k + 16. What is the remainder when 637 is divided by o(24)?
13
Suppose 3*h = -h + 20. Suppose 0 = 4*b - h*b - 1. Let p(i) = -16*i**3 - 2*i - 1. Calculate the remainder when 50 is divided by p(b).
16
Suppose b + 389 = 412. What is the remainder when (-124)/(-3) + 6/9 is divided by b?
19
Suppose -5*u + 74 = -d, -4*u + 0*u = 4*d - 64. Let r be (-3*(-1)/(-2))/(9/12). Calculate the remainder when -5 + 61 + (-1)/r*2 is divided by u.
12
Suppose 4*y + 25 = 5*h, 33 = -3*h + 5*h + 3*y. Let j = 51 + -51. Suppose j = -2*l + 39 + 13. What is the remainder when l is divided by h?
8
Let p = 242 + -431. Let o be -5*(p/(-15))/(-3). Calculate the remainder when 3/((o/(-82))/(-7)) is divided by 21.
19
Suppose 31 = 4*g + 7. Let n = -95 - -137. Suppose 3*z - y - 68 = 0, z = 3*z + y - n. Calculate the remainder when z is divided by g.
4
What is the remainder when (4/(-5))/(12/(-2040)) is divided by 44?
4
Suppose -176 = 6*t - 212. What is the remainder when (-544)/(-24) + (-2)/(-6) is divided by t?
5
Let w be (3 - 1) + 11 + 2. Suppose 93 = 5*l - 4*j, 2*l = 3*l + j - w. Calculate the remainder when l is div